- 258*n = -2*i + 2794, 13889 = 5*n + i. What are the prime factors of n?
2, 347
Suppose -5*b = 3*l - 67240, 4*l + 45747 = 3*b + 5403. List the prime factors of b.
2, 41
Let b(p) = -2*p + 12. Suppose d - 23 = -2*q + 5*q, 0 = -4*d + q + 48. Let o be b(d). List the prime factors of ((-2)/o)/((-2)/(-70)).
7
Let u(a) = 446*a**2 - 132*a - 737. List the prime factors of u(-6).
16111
Suppose 4*j - 42 = -l + 8*j, 5*j - 41 = -3*l. Suppose -l*k + 24*k = 552. What are the prime factors of (-20)/(-6)*k/8?
5, 23
Let v be -2 - -25 - (-5 - -8). Suppose v = 2*q + 12. Suppose p - 5*p = 3*h - 334, q*h = 8. What are the prime factors of p?
2, 41
Let n(r) = 592*r + 6. Let x be n(2). Suppose -21*f + x = -14*f. List the prime factors of f.
2, 5, 17
Let f(m) = 13*m + 112. Let h be f(-6). Suppose -30*x = -h*x + 1088. What are the prime factors of x?
2, 17
Suppose -4*r + 32 = -2*x, -2*x - 2*r = -3 + 5. What are the prime factors of (x + 12)*289/2?
3, 17
Let f(z) = -z**2 + 4*z + 23. Let g be f(7). Let i be (-1 + 2 - 1)/g. Suppose 2*k - 27 - 27 = i. What are the prime factors of k?
3
Let s = -3172 - -16506. What are the prime factors of s?
2, 59, 113
Let f(n) = -4 + 2*n**2 + 2 - 220*n + 209*n + 4. Let h be 69/(-18) - (-2)/(-12). What are the prime factors of f(h)?
2, 3, 13
Suppose -52*a + 396624 + 493044 = 0. List the prime factors of a.
3, 1901
Let w = -2813 + 6507. What are the prime factors of (-7)/(-42) + w/12?
2, 7, 11
Let l(b) = b**3 + 27*b**2 + 36*b - 2. Let m(u) = -u**2 - 20*u - 42. Let d be m(-19). What are the prime factors of l(d)?
2, 643
Let u be ((-80)/(-4))/(-5) + (693 - 2). Suppose -5*b + u + 544 = 4*d, -5*b = 5*d - 1230. List the prime factors of b.
13, 19
Suppose 43254 = 3*r - 2*n, 2*r + 5*n - 13604 = 15232. List the prime factors of r.
2, 3, 89
Suppose y + 4*c = 5961, -14424 - 3415 = -3*y - c. What are the prime factors of y?
5, 29, 41
Let p = -13 + 3970. What are the prime factors of p?
3, 1319
Suppose 10*c = 172406 + 51714. What are the prime factors of c?
2, 13, 431
Let h be 2*(182/28 + (-1)/1). List the prime factors of 310/4*((-132)/(-5))/h.
2, 3, 31
Suppose 707*n + 8293238 = 853*n. List the prime factors of n.
43, 1321
Let s(n) = -n**3 - 20*n**2 + 23*n + 36. Let f be s(-21). List the prime factors of f/(-2) - (-707 - 3) - 4.
709
Let n be (6/(-1))/(3 + -10 + 4). List the prime factors of -1074*8/(-16) + n.
7, 11
Let i(j) = 43*j + 7569. List the prime factors of i(0).
3, 29
Let n(s) = 9346*s - 42. What are the prime factors of n(1)?
2, 1163
Let o(d) = -d**2 + 7*d + 50. Let l be o(11). Suppose 196 = -p - l*p. List the prime factors of 8/p - 870/(-7).
2, 31
Suppose -48*o + 661674 = 212*o - 458926. What are the prime factors of o?
2, 5, 431
Let k(b) = b**3 - b**2 - 10*b - 5. Let w be k(4). Suppose w*u - 118 = 200. What are the prime factors of u?
2, 53
Let y(n) = 375*n - 439. List the prime factors of y(27).
2, 29, 167
Let z be ((-435)/6)/(2 - (-12)/(-8)). Let y(b) = -4*b**2 + 2*b + 3. Let c be y(5). Let g = c - z. List the prime factors of g.
2, 29
Let k = -1258 - -3326. Suppose k = 30*f - 6542. What are the prime factors of f?
7, 41
Let p = -428 + 632. List the prime factors of -3*5/((-45)/p).
2, 17
Let r = -21 - -28. Let m = -18 + 20. Suppose -r*q + m*q = -140. List the prime factors of q.
2, 7
Let m be ((-5)/(-2))/5*2 - 10. Let c(p) = -2*p - 10. Let n be c(m). What are the prime factors of (n/6)/(2/129)?
2, 43
Let s = 33262 + -5837. What are the prime factors of s?
5, 1097
Let v(p) be the second derivative of -p**5/20 + 5*p**4/4 - 13*p**3/3 - 9*p**2 + 598*p. Let h be (-38)/(-3) - 8/12. List the prime factors of v(h).
2, 3, 17
Suppose -6*b + 3*b + 36 = 0. Suppose b*f = 32*f - 12740. What are the prime factors of f?
7, 13
Let z = 3 - 1. Let y = 1142 + -1138. Suppose 0 = -5*m + 2*r + 489, y*m - r = z*r + 394. List the prime factors of m.
97
Let p = 116 + -68. Let y be ((-437)/57)/((-2)/p). Suppose -2*m + 120 = 4*u - y, 2*u - 4*m - 172 = 0. What are the prime factors of u?
2, 3, 13
Let l be 12/168 - 86014/(-28). Suppose 0 = -v + 4*v - l. List the prime factors of v.
2
Suppose -d - 2*h = 14 - 1, h - 1 = d. Let p(m) = m**3 + 4*m**2 - 7*m - 4. Let u be p(d). Suppose c - 52 - u = 0. List the prime factors of c.
2, 29
Suppose 21*c = -a + 14*c + 1519, 3*a = 2*c + 4396. What are the prime factors of a?
2, 3, 5, 7
Let p be (0 + -1)/(1/(-2)) + 138. Suppose -p = o - 8*o. Suppose 2*f + o = -n + 167, 3 = -3*f. List the prime factors of n.
149
Let j(x) = 61*x**2 - 99*x - 147. What are the prime factors of j(27)?
3, 13883
Suppose -4*l + 4 = 0, 11*q - 13*q + 2*l + 18 = 0. Suppose -3*i = u - 7*i - 403, 2*i - 10 = 0. List the prime factors of (3 + q/(-6))*u/6.
2, 47
Let i be (-13 - 2)*10/(-30). Let f be 2/i + 126/35. Suppose 0 = -f*m + 4*t + 472, 3*t = -2*m + m + 122. What are the prime factors of m?
7, 17
Let t be (-2 - 0) + -17 + 135/45. Let a(j) be the second derivative of -j**4/12 - 13*j**3/3 - 49*j**2/2 - j. List the prime factors of a(t).
3, 37
Let w be ((-196)/140)/(2/(-10)). Let n be -110*(-3 - 36/(-20)). Suppose 8*r - n = w*r. List the prime factors of r.
2, 3, 11
Suppose 2*u + 3124 = -4*o, 7*u = -5*o + 8*u - 3891. Let y = -649 - o. What are the prime factors of y?
2, 5, 13
Let s(y) = 91*y**3 + 2*y**2 + y - 8. Let z(a) = 2*a**3 + a**2 - 1. Let n(o) = s(o) + 2*z(o). List the prime factors of n(2).
2, 3
Let l(n) = -n**3 + 20*n**2 - 20*n + 9. Let f be l(-16). Suppose 10*a = 33*a - f. List the prime factors of a.
5, 83
Suppose g = -6*g. Suppose g = 2*s - 12*s - 3310. Let d = s + 571. List the prime factors of d.
2, 3, 5
What are the prime factors of (-976)/(-6)*(-11)/((-220)/(-390))*-3?
2, 3, 13, 61
Suppose -156*k + 215224 + 3245636 = 0. List the prime factors of k.
3, 5, 17, 29
Suppose 252*w + 2090 = 262*w. List the prime factors of w.
11, 19
Let y = 22238 + -13093. List the prime factors of y.
5, 31, 59
Suppose -302*s + 2410819 = 77*s. What are the prime factors of s?
6361
What are the prime factors of (-90)/180*((-5)/20 - 55863/4)?
6983
Let r = -34 - -31. Let y be -2*(-1)/(-6)*r + 4. Suppose 0 = -y*d + 3*j + 560, -2*d + 2*j + 224 = -3*j. What are the prime factors of d?
2, 7
Let c(z) = -3*z + 27. Let f = 152 + -100. Suppose -4*j - 5*g = f, 3*g + 24 = -4*j + 5*g. What are the prime factors of c(j)?
3, 17
Suppose -26*j - 19516 = -54*j. Suppose -j*o + 1945 = -692*o. What are the prime factors of o?
389
Let s be (-2)/(-5) - 10518/(-30). What are the prime factors of 4 + (-1 - 2) + s?
2, 11
Suppose -213*l + 445816 + 4387323 = -4056203. What are the prime factors of l?
2, 7, 11, 271
Let y(w) = 2*w**2. Let i be y(1). Let f be 4/i + (-37 - (3 - 5)). Let c = f - -60. List the prime factors of c.
3
Let x(v) = -28*v - 244. Let g(u) = 55*u + 485. Let a(z) = -3*g(z) - 5*x(z). What are the prime factors of a(-14)?
5, 23
Suppose v = 3*i - 18, -12*i + 13*i = 4*v + 83. Suppose 0 = 2*b + 3*z - 73, 2*z - 4*z = -2*b + 98. Let j = b + v. List the prime factors of j.
23
Let n = -14423 + 21968. List the prime factors of n.
3, 5, 503
Let i be -1 + -5 + 8 - -19. What are the prime factors of 2 - 9 - (i + -783)?
5, 151
Let j = 80431 - 34503. List the prime factors of j.
2, 5741
Suppose r = 4*o, -5*o - 15 = -5*r + 30. Suppose 22*h - r = 19*h. What are the prime factors of (3/2)/(341/(-86) + h)?
43
Let x = -424 + 330. Let t = x - -313. What are the prime factors of t?
3, 73
Let f(j) = 8*j**2 + 38*j - 405. Let a be f(18). Suppose b - 4*s - 969 - 453 = 0, -s = 2*b - a. List the prime factors of b.
2, 3, 239
Suppose -710 = i - 2397. Suppose i = 2*w + 2*t - 261, t + 978 = w. List the prime factors of w.
2, 61
What are the prime factors of (-6196536)/(-979) - (-10)/(-22)?
6329
Suppose 5*y = 23*y - 84222. What are the prime factors of y?
4679
Suppose 4*n + 99209 - 1361472 = -19*n. What are the prime factors of n?
54881
Suppose r + 3*l = -8, 10 = -5*l - 15. Suppose 19*z - 19630 = -r*z. List the prime factors of z.
5, 151
Let h = 30 + 54. Suppose 1749 - h = 5*b. List the prime factors of b.
3, 37
Let h be (-32)/4 + 8 + -4. Let a(f) = -2*f**3 + 5*f**2 + 3*f - 8. List the prime factors of a(h).
2, 47
Suppose -4*t + 16 = 0, -3*m + 4*t + 1 = 2*t. Suppose -70 - 56 = -m*v. Let u = v - 23. List the prime factors of u.
19
Let b(a) = -2*a**2 + a + 6. Let g be b(0). Suppose 15*j = g*j + 2394. What are